 greatest common divisor of w and i.
20
Let f be (154/(-35) + 4)*(-250)/1. What is the highest common divisor of f and 25?
25
Let f be (-5)/(25/2)*-5. Let c(g) = g**3 - 6*g**2 - g + 8. Let r be c(6). Let h be (r - 4)*(-51)/f. Calculate the greatest common factor of 34 and h.
17
Suppose 0 = -434*n + 437*n - 36. Calculate the highest common factor of n and 12.
12
Suppose c - 5*r = 65, -3*r + 75 = 2*c - 2*r. Let a be (-6)/15 + -3*(-6)/45. Suppose a*o + 100 = 5*o. Calculate the highest common factor of o and c.
20
Suppose 0 = -g - 4*g - 610. Let c = g - -61. Let r = -3 - c. What is the greatest common factor of 29 and r?
29
Suppose -8981 = -5*z + 3*r, -10*z - 4*r + 7204 = -6*z. Calculate the greatest common factor of z and 62.
62
Suppose -4*t = t - 5*x - 40, -20 = -4*t - 2*x. Let u(a) = -t*a - 3*a + 6*a - 2 - a**2 + 3*a**2. Let q be u(-2). What is the greatest common factor of q and 12?
12
Let m(x) = -264*x + 588. Let o be m(2). Calculate the greatest common divisor of o and 135.
15
Suppose 2*n - 16 + 6 = 0. Suppose n*s - 496 = 89. What is the highest common factor of 39 and s?
39
Let a be -410*((-18)/4 + 4). Calculate the greatest common divisor of 41 and a.
41
Suppose 0 = -36*y + 62 + 10. Let j = -5 + 11. What is the greatest common factor of j and y?
2
Suppose -86*k + 83*k - 5*n = -4293, n + 1431 = k. What is the greatest common divisor of 53 and k?
53
Suppose 0 = p - 41 + 6. Calculate the greatest common factor of p and 455.
35
Let o be (5 - 2 - 4)*-1. Let j(s) = -s**3 + 4*s**2 + 5*s + 2. Let w be j(5). Suppose w + 4 = 3*n. Calculate the highest common divisor of o and n.
1
Suppose 8*v - 10*v = 12. Let o = 16 - v. What is the greatest common factor of o and 88?
22
Suppose -418 + 643 = 5*i - 3*d, 0 = -3*i - d + 121. Let v(r) = 2 - 9 + 4*r - r. Let j be v(7). Calculate the highest common factor of j and i.
14
Let p = 1049 - 854. What is the greatest common factor of p and 20?
5
Let t be 24*2*(-4 + 17/4). Calculate the greatest common factor of 12 and t.
12
Let u = -29 - -33. Suppose -3 = -f - 3*o + 15, u*o + 28 = 3*f. Calculate the highest common factor of f and 84.
12
Suppose 5*z - 322 = 393. Let u = -692 - -705. What is the greatest common divisor of u and z?
13
Let o be 444/9 + (-5)/(30/(-4)). Suppose -6*h = -h + 5*r - 85, 2*h = 5*r + 55. What is the highest common factor of o and h?
10
Let d(w) = -w**2 - 13*w - 24. Let r be d(-8). Let o(v) = -5*v - 9 - v + 3. Let m be o(-9). Calculate the greatest common factor of m and r.
16
Suppose -1281 = -4*t + 791. Calculate the highest common factor of t and 14.
14
Let j(c) = 29*c + 73. Let z be j(4). What is the highest common divisor of 9 and z?
9
Let d = -198 + 201. Calculate the highest common factor of d and 93.
3
Let m(l) = 14*l + 7. Let u be m(5). Let a = -451 - -462. What is the highest common factor of a and u?
11
Let r = 1084 + -1076. Suppose 0*u - 3*x - 156 = -u, 2*x = 2*u - 328. Suppose 0 = -0*y - 3*y + u. Calculate the highest common factor of y and r.
8
Suppose -270 = -5*z - s, -9*z - 3*s = -4*z - 270. What is the greatest common divisor of z and 342?
18
Suppose -14000 = -8*b - 12*b. What is the highest common divisor of 400 and b?
100
Suppose -n - 91*n + 2392 = 0. Suppose 5*v = -4*d + 516, 5*v + 2*d - 3*d - 521 = 0. What is the greatest common divisor of n and v?
26
Let j(h) be the first derivative of h**3/3 + 2*h**2 - 6*h + 14. Let k be j(-9). Let v = k - -16. Calculate the highest common factor of 11 and v.
11
Suppose -4*s = 5*o - 58, o - 1 = s + 7. Calculate the highest common factor of 10 and o.
10
Let i be (2 - -763)*(-2)/15*-3. What is the highest common divisor of i and 36?
18
Let o = -17 + 8. Let k(g) = -6*g - 10. Let h be k(o). Suppose p - h = -p. What is the greatest common divisor of 198 and p?
22
Let y(q) = 21*q + 19. Let l(f) = 20*f + 19. Let n(a) = 2*l(a) - 3*y(a). Let h be n(-8). Calculate the greatest common divisor of h and 33.
33
Suppose 0*v - 3*v + 4*w - 28 = 0, -v = -w + 8. Let g be (3 - (9 - 3))/(3/v). Calculate the highest common factor of g and 2.
2
Let x(s) = -s**2 - 4*s + 12. Let g be x(-5). Let p = 4 + g. Suppose 0 = -13*y + p*y + 180. Calculate the highest common divisor of y and 30.
30
Let l be 11/((0 + 8/6)/4). Calculate the highest common factor of 297 and l.
33
Suppose 242*g - 268*g = -338. What is the greatest common divisor of g and 26?
13
Let c = -40 - -64. Suppose -4*g = -6*g + 26. Suppose -2*a = 4*s - 4, s - g = -5*a + 42. What is the greatest common factor of a and c?
12
Let j be 80 - ((1 - 1) + 0). Let z(k) be the first derivative of k**3/3 + 5*k**2 - k + 3. Let t be z(-11). Calculate the greatest common factor of t and j.
10
Let c be -60*(-30)/(-21)*21/(-9). Let u = c - 112. Calculate the greatest common divisor of u and 11.
11
Let b(h) be the second derivative of -h**5/10 - h**4/2 + h**3/3 - 3*h**2 - h. Let y be b(-6). Suppose a = -a + y. What is the highest common divisor of a and 9?
9
Suppose 2*n - a - 484 = 3*a, 2*n - 2*a - 490 = 0. Let c be (n/4)/((5 + 1)/3). Calculate the highest common divisor of 372 and c.
31
Let a(j) = -23*j - 3. Let f be a(-1). Suppose 0 = 8*g - g - 21. Suppose 28 = g*b + 4. What is the highest common divisor of f and b?
4
Let n = -820 - -930. What is the greatest common factor of 176 and n?
22
Let a = -148 - -298. Let o be 9*(20/a - (-1)/5). Suppose 0 = -z - 3, 0 = 3*x - 2*z + 4*z - 66. What is the highest common divisor of o and x?
3
Let j be ((-10)/5)/(-2)*-4 + 89. What is the highest common factor of 357 and j?
17
Suppose 25*c - 11808 = 10592. What is the greatest common factor of c and 14?
14
Suppose j - 132 = -4*m, 4*m - 6*m + 294 = 2*j. What is the greatest common factor of j and 133?
19
Suppose -8*j + 6311 + 625 = 0. Calculate the greatest common factor of 34 and j.
17
Suppose -3*i - j = -11, j = -5*i + 10 + 9. Suppose 0 = i*u - 6*u + 4. Let a be (-2 + 3)*16 + u. What is the greatest common factor of a and 9?
9
Let w(b) be the first derivative of 5*b**2/2 - 4*b + 24. Let k be w(2). Calculate the highest common divisor of 24 and k.
6
Suppose 0 = -0*h - 3*h - 4*c + 105, 2*h - 90 = 4*c. Let b(m) = -173*m + 225. Let k be b(1). What is the highest common factor of h and k?
13
Suppose 0 = -2*w - 4*q - 1 - 11, 20 = 4*w - 3*q. Let i be 12/(-9) - w/3. Let x(l) = -6*l + 1. Let y be x(i). What is the greatest common divisor of 13 and y?
13
Suppose -22*h + 27 = -21*h. Suppose -2*r + 5 = -r, -2*r - 8 = -2*k. Calculate the highest common factor of h and k.
9
Suppose -40*u = -44*u + 108. What is the greatest common factor of u and 297?
27
Let r = -19 + 27. Suppose -11*p + 6*p = i - r, -12 = -i - p. What is the greatest common factor of 117 and i?
13
Suppose 285 = 6*x - 2*x - c, -5*x + 2*c + 360 = 0. Calculate the greatest common divisor of 112 and x.
14
Let g(x) = -13*x + 7. Let m be g(-6). Let u be (16/(-6))/(-4) - (-862)/3. Suppose 8*n + 16 = u. Calculate the greatest common divisor of n and m.
17
Let a = 496 - 291. Let k = -112 + a. Calculate the greatest common factor of 31 and k.
31
Let a be (39 + 0)/((-16)/(-112)). Calculate the greatest common divisor of a and 637.
91
Let u(k) = k**3 + 37*k**2 + 37*k - 187. Let b be u(-35). Calculate the greatest common divisor of b and 22.
22
Suppose 132 = 2*f - j, -22*f + 5*j = -19*f - 205. What is the highest common divisor of f and 221?
13
Suppose -3*a + 71 = -f, -2*a + f + 5 = -44. Let y be (-2115)/(-12) - 1/4. Calculate the greatest common factor of y and a.
22
Let c(y) = y**3 - 3*y**2 - 5*y + 28. Let a be c(4). Let p(x) = 107*x + 2. Let r be p(2). Calculate the greatest common factor of a and r.
24
Let b be (-2)/((3/2)/(-13 - 65)). What is the highest common divisor of 260 and b?
52
Suppose -5*v - 3*g = -43, -g - 4*g - 19 = -3*v. Let b(x) = 2*x - 12. Let d be b(v). Suppose 0 = j - 0*j - d. Calculate the highest common factor of j and 2.
2
Let g(l) = -2*l**3 - 4*l**2 - 2*l - 4. Let b be g(-3). Let d = b - -44. What is the highest common divisor of d and 48?
16
Suppose 15 - 35 = 5*s, 5*v - 5*s + 5 = 0. Let n = v + 18. What is the highest common divisor of n and 78?
13
Let t(n) = -19*n - 134. Let v be t(-8). Calculate the greatest common divisor of 63 and v.
9
Let a(d) = 2*d**2 + 12*d - 11. Let b(u) = u**2 + 6*u - 6. Let c(j) = -3*a(j) + 5*b(j). Let n be c(-4). What is the highest